e 2951 - 3038 - (5 - 57).
-35
(-4 + -10 - (-298 + 263)) + -90
-69
-27 + (102 + 1 - (-489 + 515))
50
15 + (-17 + 7 - (1 + -7) - -1)
12
What is -110 + 100 - (-4 + -67)?
61
What is the value of 5 + -12 - (-35 - (-20 + (11 - 6)))?
13
Calculate -2 - (-25 - (-32 - -12 - -12)).
15
What is the value of (41 - -2) + -1 - (57 - (-37 + 85))?
33
What is the value of 42 - -1 - 48 - -49?
44
What is the value of -152 - (-44 - -9 - (25 - 30))?
-122
-76 + 0 + 85 + 1 + 1 + -26
-15
Calculate (410 - 300) + -32 + (-4 - -4).
78
What is the value of -7 + 49 - (31 + 24)?
-13
-13 + ((115 - 104) + (2 - 6) - 10) + 153
137
(36 - -79) + 4 + -8 + -13
98
Calculate -39 - (-32 - (-20 - 84)) - -2.
-109
Evaluate 31 + (30 - (54 - -8)).
-1
Evaluate 4 - 2 - (-18 + -21) - ((24 - 6) + -11).
34
73 + 25 + -16 + -51
31
Calculate 36 - ((232 - 91) + -15).
-90
What is 94 + 4 + -80 - (5 + -3 + 0)?
16
Calculate -265 + 339 - (16 + -12 - (0 + -8)).
62
What is -8 + 0 + (19 - (27 + -9 + 2)) + 8?
-1
What is the value of -1740 + 1726 + (4 - -94)?
84
Calculate -92 + -65 + (25 - -22) + -1 + -8.
-119
Calculate -6 - (-29 + (-14 - -31) + 7 - (-1 - 2)).
-4
12 + 0 - (621 - 649)
40
What is -104 + -29 + 230 - 32?
65
-45 - (1 - 1 - -9 - (3 - (-16 + 10)))
-45
What is the value of -1 + (-60 - -66) - ((-2 - -4) + 38)?
-35
Evaluate (14 + -26 - -26) + (3 + 7 - -1).
25
What is (-4 - -6 - 3) + -7 + 48 + -24?
16
What is the value of (-40 - (12 - 65)) + 2?
15
What is -5 + -13 + (-15 - 9 - -10) + 1?
-31
What is -519 + 521 + 65 + -9 + (5 - 1)?
62
Evaluate -3 + (4 - -34 - 63).
-28
Calculate 2 + (29 + -14 - 18) - (17 + -12).
-6
What is (22 - 17) + (-1 - 0 - (18 - 1))?
-13
Evaluate 10 + (-35 - -46) + 3.
24
What is the value of -23 + 23 + (-10 - -6) + -3?
-7
What is 12 - (-58 - (-49 + 20))?
41
What is -10 - -23 - (-12 + 4)?
21
What is 18 - (-27 - (-31 + -47))?
-33
Evaluate -573 + 588 + 9 + -1 + 3.
26
5 - (-16 - -10) - (-12 - 11)
34
Calculate (13 - 3 - (-1 + -2)) + (74 - 47).
40
What is -19 + 2 - 1 - (-9 + 9 + -1 - 3)?
-14
Calculate 6 + -9 - 1 - (-54 - (-26 + 30)).
54
(0 - 31) + (777 - 776)
-30
Evaluate (89 - -104) + -103 + -37.
53
(7 - (5 + (-17 - -16) - 1)) + (-1 - 58)
-55
What is 27 + 21 + -13 + 23 + 17 + 3?
78
Evaluate 22 - (-13 + (-2 - 2) + -8 + 10).
37
Calculate -7 + (-1 + 61 - (4 - 19 - -6)) + 9.
71
-45 + -5 - (2 + -98)
46
13 + 20 + (-5 - (-54 + 49))
33
What is the value of 3 + (-8 - (6 - 17) - -3) - (1 + -9)?
17
Evaluate -25 - (-18 + -13 + 23) - -27.
10
What is (-1 + 16 - (0 - -3)) + 680 + -666?
26
Calculate (-19 - 3 - (196 - 189)) + -18.
-47
Calculate 89 - (-7 - (-9 - (0 - -5) - (-10 - -2))).
90
What is (346 - 410) + -5 + -5 + 3 - (4 - -4)?
-79
-76 + 95 - (-1 - -35 - 0)
-15
What is 24 + (-34 - -27) + 66 + 4 + -7?
80
Evaluate (105 - (11 + -4)) + (-26 - 0).
72
-28 + (15 - (-29 - (2 - 15)))
3
What is the value of 7 + -2 + (21 - 25) + -5?
-4
What is 2 - (39 - (-12 - -34)) - -3?
-12
What is 9 + (-2 - -4) + (85 - 103)?
-7
54 + (69 - 80) + -112
-69
What is the value of 1 + 0 - (-11 + (-6 - -9) - (-21 - -3))?
-9
What is the value of -7 + 18 + -7 + (10 + -3 - 12)?
-1
Calculate (26 - (47 + -10)) + 8 + (-1 - 10).
-14
Evaluate (-1 + 14 - (1 - 1) - (-12665 + 12668)) + -98.
-88
What is 19 - -45 - (-12 + 17 + -18)?
77
Calculate -2 + 9 + (-10 - -2 - 10 - -32).
21
What is the value of -1 - 4 - (3 + -18 + 16) - 35?
-41
What is (-52 - (-43 - 18)) + -59 + -7?
-57
What is the value of 28 + (-10 - (4 + (-7 - 19)))?
40
Evaluate -157 + 97 + (24 - -1).
-35
(-12 + -5 + 5 - -6) + (-3 - 0 - 100)
-109
82 + (-42 + 58 - 64)
34
Evaluate -56 + (-36 - -70 - (1 + 26)).
-49
Calculate (-90 - -164) + -87 - 85.
-98
What is -104 + -112 + (350 - 37)?
97
Calculate (-12 - (2 + -21)) + -6 + 7.
8
-164 + 4 - -13 - (12 + -17 + -19)
-123
Evaluate -12 + (6 - (-2 + -4)) - (57 - -3).
-60
Evaluate -66 - (-7 + 16 + 2 + -12 - -1).
-66
Calculate (34 - (-27 - -5)) + -77.
-21
Calculate -22 - -1 - ((93 - 57) + -46).
-11
Evaluate (-35 - 3) + (308 - 239).
31
What is 17 + 0 - (2284 - 2387)?
120
What is 54 + -6 + -61 + (-14 - -24)?
-3
What is the value of -45 + (-61 + 150 - 25) + -1 + -95?
-77
What is the value of 12 + 12 + (31 - (-10 - -32)) - 23?
10
What is -57 + (285 - 93 - 84)?
51
Calculate (32 + 11 - 50) + (-2 - (0 + 2)) - 21.
-32
What is the value of -3 + 4 + 44 + -11 - -1?
35
Calculate 25 + -21 + ((-10 - -12) + 5 - 3).
8
-37 + (-30 - -36) - -88
57
What is 59 + -51 + 5 + -68?
-55
What is -15 - ((7 - 8) + 12) - (-1 + (7 - -3))?
-35
What is the value of -34 + 1 - (4832 - 4815)?
-50
What is (1 - (-1 + 3 - -15)) + -11739 + 11633?
-122
What is -2 + -107 + (-123 - -53 - -63) + (16 - -1)?
-99
Evaluate 145 - (27 + 19 + -12 + 11).
100
Evaluate -70 - (2 + -6) - -26.
-40
What is 46 + -64 - -55 - -21?
58
What is 141 + -350 + 122 + 82?
-5
What is the value of 1 + 1 - (80 + -49 + -34)?
5
47 - (-1 - -6 - 2) - (-585 - -589)
40
What is -65 - ((2 - 1) + (11 + -38 - -28 - 8))?
-59
19 + (46 - 85) - -16
-4
Calculate -37 - 1 - (-852 - -776).
38
What is the value of (-14 + -15 + 7 - -39) + -10 - -34?
41
What is the value of -1 + 3 + -61 - ((1 - -20) + -1323 + 1297)?
-54
What is -8 + -54 + 6 - (20 + 22 + -52)?
-46
Evaluate (121 - 117) + 1 + 4 + -5 + -11.
-7
What is the value of -22 - (-1 - (-29 - -51))?
1
3 + -102 + 108 + (-14 - -5) - (-69 + -3)
72
Calculate (-93 - -79) + (-27 - (-19 + 4)).
-26
Evaluate 2 + 6 + -1 - (-1 + 150 + -169 + 149).
-122
Calculate -3 - (-18 - (-1 - -3)) - (40 - 32 - -5).
4
What is the value of 18 + (19 - (-6 + -7 + 9))?
41
Calculate -26 + 21 - ((27 - 12) + -9).
-11
-8 + -34 + -7 + 0 + 4 - (-22 + 13)
-36
28 + -23 + -3 + 14 + -2 + -28 + 49
35
Evaluate -16 - -8 - -17 - (-35 + (-21 - -29)).
36
What is the value of 53 + (-12 - 49) + -54 + (-7 - -3)?
-66
Calculate 55 + 0 + (-107 - -19).
-33
(1 - -4 - (81 + -90)) + 14 + 13
41
Evaluate 14 + (-4 - 36) + 3 + -13 + -14 + 21.
-29
Evaluate -20 + -1 + (-13 - -11 - (0 + -5)).
-18
-133 + (76 - 16) + 141
68
Calculate 17 + 42 + 15 + -28 + -16.
30
What is (7 - (14 - ((10 - 9) + (5 - -4)))) + 7?
10
Evaluate (-42 - -112 - 60) + (2 - -4) - -96.
112
What is the value of -5 + 31 + (2 - 12 - (-15 + 2 + 4))?
25
What is the value of 58 + (9 - (22 + (2 - 8)))?
51
Calculate -127 - -12 - -78 - (-2 + -1 + -6).
-28
Evaluate 87 + (1 - 3) - (36 + (-20 - -23) + -32).
78
Evaluate 132 + 3 - (-45 - (32 - 76)) - (9 + -3).
130
What is 738 - 828 - (-44 - -3)?
-49
Calculate (-67 + 50 - (-1 + -13)) + -18.
-21
Evaluate (-7 + 6 - 0 - (-11 + 7)) + -23.
-20
What is (-3 - -29) + -30 + -19 + 61 + 18?
56
What is -1 + -6 - 8 - (-89 - (-5 + 5))?
74
What is -94 - (-223 - (-20 + 35))?
144
What is the value of -17 + 19 + -10 + -41 + -1 + 0 + -2?
-52
What is the value of -4 + 11 - 12 - (1 - (-9 - -2) - 66)?
53
Evaluate (-353 - -65) + 260 + -3 + -1 + 2.
-30
What is the value of 144 + -49 + -47 - -21?
69
Evaluate 115 + -146 + (-1 + -10 - 14).
-56
Calculate 7 + (-5 - -8) + (-45 - (-24 - -6)).
-17
What is -189 + 231 - (16 + (127 - 1))?
-100
Evaluate 7 + 5 - (26 - (16 - (-1 + 3))).
0
Calculate -139 + 60 - 21 - (0 - (18 - -1)).
-81
What is the value of (1 - 3 - -3) + -92 + 147 + -159?
-103
Evaluate 136 - (-14 + 29 + -4 - (6 - (-5 + 11))).
125
What is 276 + -406 + 146 + -83 + (1 - 0)?
-66
What is -13 + 5 - (-74 - -142) - -44?
-32
What is 74 - 56 - ((-22 - 11) + -2)?
53
(145 - 132) + (-18 + 3 - 6)
-8
Evaluate 7 + -20 - (22 - (16 - 12)).
-31
What is the value of 19 + -20 + 10 - (-12 + -3 + -3 + -8)?
35
Evaluate -102 + 105 + 95 + 0 + -19.
79
Calculate 78 + 12 + -17 + -84.
-11
What is (122 + -182 - -58 - (0 - (84 - 1))) + -12?
69
What is -8 + (-1 - -4) + (6 - 24 - (-36 - -26))?
-13
What is the value of 6 - ((-19 - -16) + 15 + -39)?
33
-21 + 12 - (-56 - (-10 - -2))
39
Calculate (-33 - (-26 + 46)) + 32 + 6.
-15
What is 47 - (-22 - (-14 + -25))?
30
Calculate 13 + (-120 + 150 - (0 - -5)).
38
Calculate -49 - (-35 + (-75 - -55)).
6
-3 + 13 + -22 - (4 + -12 + 0) - 27
-31
Calculate (28 + -9 + 5 - (18 - 3)) + (-6 - 2).
1
36 - (-34 - (-147 + 73))
-4
What is the value of (0 + -10 - (-182 + 179)) + 72?
65
Evaluate 1 + (6 - (-1 + 0 + (182 - 179))).
5
What is 0 - (2 + -44) - ((25 - 10) + 32 + -43)?
38
Calculate (9 - ((-52 - -15) + 10 - -8)) + 7.
35
What is ((15 - (13 - -45)) + 16 - -45) + 10 + 2?
30
-103 - -52 - 57 - (-21 + -3)
-84
What is the value of 22 + (-21 - (-51 - 22))?
74
What is (16 